p) = -3*p**2 - 23*p - 7. Let h be ((-1)/(-2) - 0)/(17/(-238)). Let o be l(h). Is q(o) a composite number?
False
Is ((-765976)/(-6))/(268/201) composite?
False
Let h be -2*2/22 - 1002/(-66). Let f be (-60)/(-45)*h/2. Suppose f*q - 319 = 9*q. Is q a prime number?
False
Let t = -732 + 1125. Suppose -18*v + 14*v = -736. Let j = t - v. Is j prime?
False
Suppose 3*c = -2*j - 51, 5*j + 0*c + 4*c + 124 = 0. Is (-518595)/(-180) + 2/j a prime number?
False
Suppose 604 = 4*j - 396. Let f = 959 - j. Is f a prime number?
True
Let d(f) = 130*f**2 - 230*f + 89. Is d(-33) a prime number?
True
Let p be 5/((-125)/80)*(-3015)/6. Suppose -p - 1642 = -2*w. Let c = w - 60. Is c prime?
False
Let h(d) = 13*d + 16. Let u(n) = -5*n - 14. Let q be u(-12). Suppose 45*z = q*z - 15. Is h(z) a prime number?
True
Let x be 2/(-7) - 1844505/105. Is x/(-4) + 72/(-96) a composite number?
False
Let s be 2*2/(-8)*-8. Suppose 0 = s*d - 4503 - 1857. Suppose -d = -7*p + p. Is p prime?
False
Suppose 29*q - 26*q - 5*f = 259028, -5*q = -f - 431706. Is q prime?
True
Suppose -22 = 6*p + 5*p. Is ((-141715)/70)/(1/p) composite?
False
Suppose 3*v + 14 = 44. Let d(g) = 2*g + 2*g**2 - 7*g + 25 - 5*g + 2*g. Is d(v) prime?
False
Let g be (5 + -4 + -5)/((-12)/9). Suppose 3*n + 3*z - 2682 = 7374, -g*n + 2*z + 10061 = 0. Is n composite?
True
Suppose -45*l - 24*l + 853781 = -2*l. Is l a prime number?
True
Suppose 56 = 15*k - 79. Is 224490/k - -4*5/(-60) a prime number?
True
Let p = 27 - 14. Suppose 2*c = 3*l + p, c = -2*c + 5*l + 21. Suppose 0 = 4*m + 4*i - 792, 0*m + c*m = i + 411. Is m composite?
True
Let t = 36883 + -5876. Is t a composite number?
True
Let b be (0/(2 + -1))/3. Suppose b = 11*c - 9*c - 4*w - 13818, w = 2*c - 13821. Is c composite?
False
Let u = -31387 - -65618. Is u a composite number?
False
Suppose 104*h - 17894110 = -26*h. Is h a composite number?
True
Suppose -218305 - 123428 = 24*t - 2066637. Is t prime?
False
Let m = 3382034 - 1823107. Is m a prime number?
False
Suppose -163*c + 17*c = -10597994. Is c a composite number?
True
Let x(j) = -309*j**3 + 27*j**2 + 34*j + 11. Is x(-10) prime?
True
Suppose 4*a - c - 9 = 0, 5*a + 5*c = 6*c + 12. Suppose -k - 12 + 0 = 0. Is a*((-136)/k - -1) prime?
True
Suppose 5*c = -5*m - 35, 2*c - m = 2*m - 14. Let l(g) = -30*g**3 + 11*g**2 + 7*g - 9. Is l(c) a composite number?
False
Let d = 529636 - 339747. Is d composite?
True
Let s = 230 + -452. Let g = s + 2531. Is g prime?
True
Let f be ((-3514)/(-4) + 2 - 5)*2. Suppose -74*i + 73*i + f = 0. Is i composite?
True
Is 29963112/(-7 + 31) + -20 a prime number?
False
Is (21*15/(-1260))/(2/(-360952)) composite?
False
Let y be 6/(-4)*(-2 - 4*13). Let r = 97 + y. Suppose 5*q - 3*q = 2*b - 178, 2*b = -4*q + r. Is b prime?
True
Suppose -4*m = -5*w - 2*m + 20, 0 = 3*m + 15. Suppose w*a - 28 = -10. Let c(f) = -f**3 + 11*f**2 + 5*f - 8. Is c(a) a prime number?
True
Let z(k) be the first derivative of -106*k**2 + 39*k + 116. Is z(-10) prime?
False
Suppose -9 = -2*f + 2*d + 9, -5*f + 2*d + 30 = 0. Suppose f*c = -0*c - 2248. Let i = c + 969. Is i composite?
True
Suppose 1 = -l - 0*n - n, -5*n - 15 = 0. Let x be (0 - -1)/((-103425)/(-51710) - l). Is 5/15 + (3 - x/(-6)) prime?
False
Let a(w) = w**2 + 1. Let k(p) = -85*p**3 + 10*p**2 + 8. Let b(u) = -6*a(u) + k(u). Is b(-3) a prime number?
True
Suppose -3*t + 43 = 1. Let v(x) = 5*x**2 - 5 + 14 + x**3 + 0*x**3 - t*x + 4*x**2. Is v(-7) prime?
False
Let t be ((-8)/36*-31107)/((-7)/21). Let r = -13083 - t. Is r a composite number?
True
Let p(a) = -2530*a + 751. Is p(-12) a prime number?
False
Let q = 52 + -52. Suppose -d + 0*d - 2*b + 7104 = 0, q = 2*b - 10. Suppose 0 = -5*g - 184 + d. Is g prime?
False
Is 3/(-9)*15 + 7 + 174327 composite?
False
Suppose -r + 2012137 = 5*v, 3*r - 5*v - 4392698 - 1643753 = 0. Is r composite?
False
Let i(n) = -3826*n - 102. Let c be i(-8). Let g = c + 19799. Is g a prime number?
False
Let s(j) = 388*j**2 - 262*j - 5097. Is s(-22) prime?
True
Suppose -2*x = -4*p - 119538, -4*x + 8*x - 2*p - 239082 = 0. Is x composite?
False
Suppose 0 = s + 20 - 16, 4*i - s = 24128. Is i a composite number?
True
Suppose q + 3*n - 5881 = -3*q, -2*q + n = -2923. Is q prime?
False
Let u be 20/170 - (-75)/85. Let f(z) = 34*z + 36*z + 149*z - 2. Is f(u) composite?
True
Suppose -u + 17528 = 3*o, 3*u = 8*o - 3*o + 52542. Let y = u + -9664. Is y a prime number?
False
Let o(x) = x**2 - 13*x + 2. Let h be o(14). Let m be (-32)/h + 0 + 6. Suppose -4*v + 4*r - 1434 = -6*v, -m*r - 3655 = -5*v. Is v a prime number?
True
Suppose 28*s + 66*s = -54*s + 22672564. Is s prime?
False
Let p(g) = 2*g - 342279 + 2*g - 5*g + 343394. Let r = 2 + -2. Is p(r) a prime number?
False
Suppose -s + 3*v + 2900 = 0, -4*v - 3798 = 5*s - 18165. Is s a composite number?
False
Suppose -5*x = -11*x + 24. Suppose x*d = 1461 + 95. Is d prime?
True
Suppose 2 = -4*r + 10. Let f be 1966/(3/((-1)/r*-3)). Let g = f - 484. Is g a prime number?
True
Let t(y) = y**2 + 13*y + 42. Let q be t(-5). Suppose -5*s + 930 + 1287 = q*z, 0 = -5*z - 4*s + 5568. Let a = 1633 - z. Is a composite?
True
Suppose -7*a = -0*a + 35. Is 44320/64*(-1)/(a/6) a prime number?
False
Let c(y) = 16303*y**2 - 118*y + 231. Is c(2) composite?
True
Suppose -29*v + 347024 = -123623 - 230254. Is v a composite number?
False
Let l = -604 + -1110. Let o = l + 2856. Is o prime?
False
Suppose r - 812156 = -4*p, -2*p - 5*r = -180944 - 225134. Is p prime?
True
Let v be -1*55/22*(-1 - -3). Is 3/(-3) + v - (2 + -3601) prime?
True
Let a be 6/(-4)*16/(-12). Suppose 5*i + 4*y - 36 = 0, a*i - 4 = 4*i - 3*y. Suppose i*j = -j + 75. Is j composite?
True
Let x = -451 - -450. Let s(j) = 988*j**2 + 6*j + 1. Is s(x) a composite number?
False
Suppose -2*a + 2102510 = -4*s, -a - 43899 = -15*s - 1095206. Is a a composite number?
False
Let d be (-22)/77 - 12/7. Let a(o) = 55*o**3 - 7*o**2 + 4*o - 1. Let l(p) = -p**3 + p**2 - p. Let r(s) = -a(s) - 5*l(s). Is r(d) prime?
False
Let d = 438 + -452. Is (-14)/d*(-4)/((-4)/391) prime?
False
Let s = -82 + 83. Let t be 13 + (3/s)/1. Suppose t*q - 11*q - 115 = 0. Is q prime?
True
Suppose -4*t - 17 = 3. Let b = t + 2. Is (-457)/(b - -4)*-3 a prime number?
False
Let y(v) = 6*v**3 + 2*v + 66574. Is y(0) a prime number?
False
Let m(k) = 6*k + 45. Let r be m(-7). Suppose 4*p + 7*x - 6*x = 16359, -12288 = -r*p + 3*x. Is p a composite number?
False
Is 1/11 + 25/(2475/2053548) composite?
False
Suppose -47*c - 46*c + 62547744 = 3*c. Is c a composite number?
True
Let f(a) = 175*a**2 + 5*a - 10. Let y = -120 - -113. Let x be f(y). Suppose 5*j - 7*j = -x. Is j composite?
True
Let v be (4 + -1)*3/(18/(-4)). Let s be (2/3)/(v/(-12)). Suppose -3*d + 580 = 2*n, 4*n - 301 = 3*n + s*d. Is n prime?
True
Let o be -40 + 41 - (-1 - 0). Is o/(-3)*2637/(-6) prime?
True
Let a(i) = 216*i**2 - 275*i - 445. Is a(34) composite?
True
Let b(w) = -w**2 - 1. Let s = 43 - 42. Let k(u) = 45*u**2 - 9*u + 4. Let i(q) = s*k(q) + 3*b(q). Is i(6) composite?
False
Suppose 4*f - p + 6 = -2, -4*f - 4*p - 28 = 0. Is (5844/(-9))/(2/f) composite?
True
Let b be 1548/252 + 2/(-14). Let s(w) = 337*w**2 - 9*w + 71. Is s(b) a composite number?
False
Let w = -604 - -589. Is 10/w + (-4085)/(-3) prime?
True
Let c(z) = 3*z**2 + 2*z + 194. Let h be c(0). Suppose -a + 1099 = -h. Is a a prime number?
False
Is (-1271844)/(-156) + (-21 + 24 - (-74)/(-26)) a composite number?
True
Suppose 245904 = 59*n + 73447. Is n prime?
False
Let l be (-1)/2 + (-56994)/(-28). Let p = -818 + l. Is p prime?
True
Suppose -186520 = -3*s - w, -18*w + 248697 = 4*s - 13*w. Is s prime?
False
Let f(v) = -v**3 - 190*v**2 - 335*v + 1500. Is f(-194) a prime number?
False
Suppose 2*k - 3*g = 33, 2*k - 11*g = -10*g + 27. Is 1771 - k/6*(-6)/4 composite?
True
Let u = 3365352 + -1487461. Is u a prime number?
True
Let v(b) be the second derivative of 2*b**4/3 - 4*b**3 - 13*b**2/2 + 80*b - 1. Is v(-17) a composite number?
False
Let u(y) = -4*y**3 + 3*y**2 - 13*y + 11. Let t = 18 - 11. Suppose 12*k = t*k - 30. Is u(k) prime?
True
Suppose -4*r + 62*z + 845932 = 67*z, 845932 = 4*r + 3*z. Is r prime?
False
Suppose 17*c - 83183 = 74186. Is c a prime number?
True
Is (-1060864)/(-18) + ((-304)/18 - -17) a composite number?
False
Suppose 8*h = 5939 - 531. Let u = h + 245. Is u prime?
False
Is ((-42)/54 - (-4)/(-18))